g = -51 + r. Calculate the highest common divisor of 10 and g.
2
Let x be -1 - (2 + -3) - -8. Suppose 4*a + 984 = 4*r, 2*r - 533 = -5*a - 27. Suppose -7*h + r = -256. What is the highest common factor of h and x?
8
Suppose -27865 = -39*z - 3997. Calculate the highest common factor of z and 9.
9
Suppose -z = 4*x - 80, 2*x + 57 + 127 = 3*z. What is the greatest common divisor of z and 48?
16
Let l(k) = -6*k**2 + 11*k - 20. Let b be l(5). Let t = b - -137. Let q = 175 - 21. Calculate the greatest common divisor of q and t.
22
Let i(p) = 11*p**2 + 42*p - 38. Let w be i(-14). What is the greatest common factor of 30 and w?
30
Let d = -63 + 78. Let a be (-2)/3 + 100/d. What is the greatest common divisor of a and 6?
6
Let o(v) = 5*v**2 - 46*v - 22. Let n be o(13). Calculate the greatest common divisor of 405 and n.
45
Let q = -65 - -131. Calculate the greatest common factor of 8 and q.
2
Let c(w) = -9*w + 3. Let y be c(2). Let o = y + 31. What is the greatest common factor of 80 and o?
16
Let q = -114 + 146. What is the highest common factor of 64 and q?
32
Let q = 61 - 55. Suppose 2*j - 254 = -2*k + q*j, -3*j + 570 = 5*k. What is the greatest common divisor of 39 and k?
39
Let n(y) = 2*y - 4. Suppose -f - 1 = -4*s + 8, 0 = -s + f. Let t be n(s). Suppose 4 = -t*x + 8. What is the greatest common factor of 2 and x?
2
Let r be 2 + (-6 - 0/(-1)). Let o be (-3 + 2)*(2 - r). Let f = 12 + o. What is the greatest common divisor of 15 and f?
3
Let l(c) = 2*c + 4*c**2 + 25 + 0*c**2 - 5*c**2. Let i be l(0). Calculate the greatest common divisor of i and 5.
5
Suppose 7*l = 248 - 220. Calculate the greatest common factor of l and 4.
4
Let k(a) = 5*a**3 - 3*a**3 + a**2 + 0*a**2 + a - 1. Let p be k(1). Let y be p/(-1) + -4 + 67. What is the greatest common factor of y and 15?
15
Suppose 0 = -5*o + b + 44, 2*b + 36 = 5*o - 2. Let v be ((-168)/(-10))/((-4)/(-50)). What is the highest common divisor of o and v?
10
Let p = 70 - 15. What is the greatest common factor of 11 and p?
11
Let m be 14/(63/6 - 10). Calculate the greatest common factor of 63 and m.
7
Let r = 5 + -2. Suppose -4*o + 28 = 3*i, 0*i - r*i + 2*o + 4 = 0. Suppose 8 = 6*u - 4*u. What is the greatest common factor of u and i?
4
Let o(u) = -u**3 + 16*u**2 + 19*u - 21. Let m be o(17). Let z = -7 + m. What is the highest common divisor of z and 6?
6
Let y = 26 - -102. Suppose 79 = 2*i + 5*r, 19*r - 20*r = -4*i + 125. What is the greatest common factor of y and i?
32
Let l be (-25)/10*8/60*-9. Let g(t) = t + 2. Let x be g(0). Let i be (10 + x)*9/4. Calculate the greatest common divisor of i and l.
3
Suppose 1430 = -24*p + 34*p. What is the highest common divisor of 13 and p?
13
Let v = 6 - 3. Suppose 4*k - 19 = -v*x, 0 = -0*x - 4*x - 3*k + 37. What is the greatest common divisor of x and 13?
13
Let u(r) = -20*r - 27. Let v be u(-9). What is the highest common factor of 17 and v?
17
Suppose 5 = -k, -26*k + 27*k + 21 = v. Suppose -336 = -x - 2*x. Calculate the highest common factor of v and x.
16
Suppose 740 = 9*h - 232. What is the highest common divisor of 4 and h?
4
Suppose -7 = 4*o - a, -3*o + 6 = -4*o - 4*a. Let v be (-14)/(4/16*o). Let u(m) = -42*m. Let x be u(-1). What is the greatest common factor of x and v?
14
Suppose -3*f = -3*q - 1203, -5*f + 8*f - 2*q - 1208 = 0. Calculate the highest common factor of 290 and f.
58
Let k = -28 + 42. Let s(g) = 7*g - 18. Let c be s(k). Let u(n) = 10*n**2 - n - 1. Let j be u(-1). Calculate the greatest common divisor of c and j.
10
Let g(b) = -b**2 + 23*b - 18. Let x be g(22). Suppose -3*d = -0*f - 3*f + 9, -2*d = -x*f + 18. Calculate the highest common factor of 18 and f.
6
Let q(y) = -4*y**2 + 79*y - 68. Let h be q(18). What is the highest common divisor of 667 and h?
29
Let m = 289 - 151. Suppose -3*a = -42 - m. Let u(y) = -y**3 - 7*y**2 - 3*y - 6. Let k be u(-7). What is the highest common factor of k and a?
15
Let z(k) = k - 29. Let r be z(25). Let d be 25 + 1/(-2)*r. What is the highest common divisor of d and 9?
9
Suppose 14*u - 4*u - 950 = 0. Calculate the greatest common factor of u and 57.
19
Let z(y) = -3*y**2 - y. Let k be z(1). Let x = 9 - k. Calculate the greatest common divisor of 52 and x.
13
Suppose 0 = -8*p + 347 - 243. Calculate the greatest common divisor of p and 949.
13
Let j(x) = x**3 + 12*x**2 + 26*x + 3. Let c be j(-8). Calculate the greatest common factor of c and 119.
17
Suppose -5*u + 0*f + 55 = 5*f, 3*u - 35 = -5*f. Calculate the greatest common divisor of u and 310.
10
Let u be -1 - (1 + -694)/(-3). Let d = u + 147. Let m = -50 - d. What is the greatest common divisor of m and 7?
7
Let i(q) = 4*q - 22. Let v be i(10). Let m(d) = -2*d**2 - 18*d + d**2 - 10*d + 15*d + v. Let w be m(-13). Calculate the highest common divisor of w and 36.
18
Let d(m) = -m**3 - m + 1. Let u be d(1). Let h be (-7 - u - -1)*(-56)/10. What is the greatest common factor of 28 and h?
28
Suppose -5*i + 1435 = 4*k, 1082 = 3*k - 5*i + 3*i. Let t be 7/(196/(-12)) + k/7. Calculate the greatest common divisor of t and 85.
17
Let h be (-30)/12*(-2)/5. Suppose -2*l = h + 1. Let i be (-6 - -7)/(l/(-45)). What is the greatest common factor of i and 15?
15
Suppose 45*k - 3168 = 27*k. Calculate the greatest common factor of k and 80.
16
Suppose 45 = 2*y - 191. Suppose 0*u - 4*u = -2*a + 232, 0 = -a + 3*u + y. Let q be 260/16 + 18/(-8) + 2. What is the greatest common factor of a and q?
16
Suppose -4*m = 2*m - 162. Suppose 0 = f + m - 44. Calculate the greatest common divisor of f and 119.
17
Let c = 43 - 38. Suppose -j + c = -2*j - 2*d, d + 7 = j. Let i(g) = -g**2 + 7*g + 5. Let f be i(5). Calculate the greatest common divisor of f and j.
3
Suppose -1 - 17 = -6*h. Suppose 4*l = 2*l + y + 220, 0 = h*y. What is the highest common divisor of l and 44?
22
Suppose -5*y + b = -31, -3*y = -y - 4*b - 16. Suppose 11 = -y*n - 1. Let g be (n - -3)*30 + 2. What is the highest common factor of g and 80?
16
Suppose 4*n + 17*y = 20*y + 133, 0 = 4*n - 2*y - 134. Calculate the highest common divisor of n and 10.
2
Let c be 0/2 + (28832/(-8))/(-4). Calculate the greatest common divisor of 106 and c.
53
Suppose 17*v - 78 = 109. Suppose -5*f + 104 = -0*q - 3*q, -46 = -2*f - q. Calculate the highest common divisor of f and v.
11
Let d be 21 + -23 + (1 - -13). Suppose -66 = -13*g + d*g. Calculate the greatest common factor of 22 and g.
22
Suppose d + 3*d - 764 = t, -t = d - 186. Let w(b) = 7*b - 4. Let i be w(6). What is the greatest common divisor of i and d?
38
Let s(t) = -35*t - 5. Let h be s(-10). Suppose -9*m = -312 + 105. What is the greatest common divisor of h and m?
23
Let p = 1366 + -1324. Let t(m) = m + 6. Let v be t(0). What is the greatest common factor of p and v?
6
Suppose q = 4*g - 5*g - 135, -5*g = 3*q + 671. Let i be (-114)/g*7*2. Calculate the greatest common factor of i and 12.
12
Let v = -651 - -657. What is the greatest common divisor of 426 and v?
6
Let t = 539 - 257. Suppose 3*r = -55 - 350. Let w = r + t. Calculate the greatest common factor of w and 21.
21
Suppose 8*r = 74 + 86. Calculate the highest common factor of r and 260.
20
Let h be 5*(-28)/(-42)*42. Calculate the greatest common divisor of h and 595.
35
Let w(g) = -g + 1. Let x be w(-2). Let b be 70/x + 10/15. Let k be (41 + 1)*((-20)/(-28) - -1). What is the greatest common factor of k and b?
24
Let o be -4*(-4)/(-4) - (-46 + 2). Calculate the greatest common divisor of 48 and o.
8
Let u = -12 - 6. Let r be (12/u)/(4/(-78)). Let y be 12 + 1 - (-1 + 1). Calculate the highest common factor of y and r.
13
Let g(i) = -i. Let m(v) = -v**3 - 5*v**2 + 6*v - 7. Let t(w) = -2*g(w) - m(w). Let k be t(-5). Calculate the greatest common divisor of 27 and k.
27
Let m be (-37012)/(-342) + (2/9)/(-1). Calculate the highest common factor of 8 and m.
4
Let j(n) = -n**2 - 13*n. Let b be j(-13). Suppose b = -6*w - 9 + 177. Let f = 255 + -59. What is the highest common factor of f and w?
28
Let q(r) = r**2 - 3*r + 12. Let l(a) = -2*a**2 + 21*a + 18. Let s be l(11). Let y be q(s). What is the greatest common factor of 20 and y?
20
Suppose -32*j = -55*j + 3335. Calculate the greatest common divisor of j and 15.
5
Suppose 278 = 2*u + k + k, 270 = 2*u + 4*k. What is the highest common divisor of u and 22?
11
Let u(g) = -g**2 - 3